{"id":164,"date":"2019-05-16T06:03:37","date_gmt":"2019-05-16T05:03:37","guid":{"rendered":"http:\/\/kundalini-yoga-seelenreise.info\/?page_id=164"},"modified":"2021-01-04T14:04:34","modified_gmt":"2021-01-04T13:04:34","slug":"24-2","status":"publish","type":"page","link":"https:\/\/kundalini-yoga-seelenreise.info\/?page_id=164","title":{"rendered":"\u2600\ufe0f 24."},"content":{"rendered":"\n<p class=\"has-light-gray-background-color has-background\">Wirbel 24 (C 3) ist verbunden mit deinen Z\u00e4hnen, deinen\nWangen, deinen Ohren, deinen Gesichtsnerven und deiner Hirnanhangsdr\u00fcse. Es\ngeht bei diesem Abschnitt der Seelenreise darum zu lernen, dein Karma aufzul\u00f6sen.\nDabei unterst\u00fctzt dich die 40-Tage-Kriya \u201eKarma-Reinigung\u201c (siehe Video).<\/p>\n\n\n\n<figure class=\"wp-block-image\"><img loading=\"lazy\" decoding=\"async\" width=\"1024\" height=\"683\" src=\"https:\/\/kundalini-yoga-seelenreise.info\/wp-891e2-content\/uploads\/2019\/07\/HQ4A3159-1024x683.jpg\" alt=\"\" class=\"wp-image-893\" srcset=\"https:\/\/kundalini-yoga-seelenreise.info\/wp-891e2-content\/uploads\/2019\/07\/HQ4A3159-1024x683.jpg 1024w, https:\/\/kundalini-yoga-seelenreise.info\/wp-891e2-content\/uploads\/2019\/07\/HQ4A3159-300x200.jpg 300w, https:\/\/kundalini-yoga-seelenreise.info\/wp-891e2-content\/uploads\/2019\/07\/HQ4A3159-768x512.jpg 768w, https:\/\/kundalini-yoga-seelenreise.info\/wp-891e2-content\/uploads\/2019\/07\/HQ4A3159.jpg 1200w\" sizes=\"auto, (max-width: 1024px) 100vw, 1024px\" \/><figcaption>Wirbel 24: &#8220;Ich kenne meinen Karma.&#8221;     Foto: Nina Stiller   \/   Europ\u00e4isches Yoga Festival<\/figcaption><\/figure>\n\n\n<div class=\"wp-block-quotes-collection-random-quote\" style=\"background-color:#24890d;color:#fff;text-align:left;\"\"><div class=\"quotescollection-quote-wrapper\" id=\"tf_quotescollection_1\"><blockquote class=\"quotescollection-quote\" style=\"background-color:#24890d;color:#fff;\"><p>EIN KIND WIRD DIR GEBOREN, DAMIT DU IHM HILFST, SEIN KARMA IN DIESEM LEBEN ZU L\u00d6SEN.<\/p>\n<footer class=\"attribution\" style=\"text-align:right;\">&mdash;&nbsp;<cite class=\"author\">yogi bhajan<\/cite><\/footer><\/blockquote><script type=\"text\/javascript\">\nvar args_tf_quotescollection_1 = {\"instanceID\":\"tf_quotescollection_1\", \"currQuoteID\":63, \"showAuthor\":1, \"showSource\":0, \"tags\":\"24\", \"charLimit\":500, \"orderBy\":\"random\", \"ajaxRefresh\":1, \"autoRefresh\":10, \"dynamicFetch\":0, \"before\":\"&lt;blockquote class=\\&quot;quotescollection-quote\\&quot; style=\\&quot;background-color:#24890d;color:#fff;\\&quot;&gt;\", \"after\":\"&lt;\/blockquote&gt;\", \"beforeAttribution\":\"&lt;footer class=\\&quot;attribution\\&quot; style=\\&quot;text-align:right;\\&quot;&gt;&amp;mdash;&amp;nbsp;\", \"afterAttribution\":\"&lt;\/footer&gt;\", };quotescollectionTimer(args_tf_quotescollection_1);<\/script>\n<\/div><\/div>\n\n\n<figure class=\"wp-block-image\"><img loading=\"lazy\" decoding=\"async\" width=\"474\" height=\"434\" src=\"https:\/\/kundalini-yoga-seelenreise.info\/wp-891e2-content\/uploads\/2019\/05\/24.jpg\" alt=\"\" class=\"wp-image-212\" srcset=\"https:\/\/kundalini-yoga-seelenreise.info\/wp-891e2-content\/uploads\/2019\/05\/24.jpg 474w, https:\/\/kundalini-yoga-seelenreise.info\/wp-891e2-content\/uploads\/2019\/05\/24-300x275.jpg 300w\" sizes=\"auto, (max-width: 474px) 100vw, 474px\" \/><\/figure>\n\n\n\n<figure class=\"wp-block-embed is-type-video is-provider-youtube wp-block-embed-youtube wp-embed-aspect-16-9 wp-has-aspect-ratio\"><div class=\"wp-block-embed__wrapper\">\n<iframe loading=\"lazy\" title=\"Seelenreise Wirbel 24\" width=\"474\" height=\"267\" src=\"https:\/\/www.youtube.com\/embed\/BkkSz6WpIro?feature=oembed\" frameborder=\"0\" allow=\"accelerometer; autoplay; clipboard-write; encrypted-media; gyroscope; picture-in-picture; web-share\" referrerpolicy=\"strict-origin-when-cross-origin\" allowfullscreen><\/iframe>\n<\/div><figcaption> <em>Kundalini Yoga \u00dcbungen zum Mitmachen (ung. 14 Minuten) basierend auf das Buch \u201cKundalini Yoga als Seelenreise\u201d von Satya Singh<\/em> <\/figcaption><\/figure>\n\n\n\n<p>Im Laufe der 40 Tage kannst du, wenn du m\u00f6chtest, die Kriya aufbauen zu die urspr\u00fcnglich angegebene Zeit: 3 bis 31 Minuten. <\/p>\n\n\n\n<p class=\"has-light-gray-background-color has-background\"> F\u00fcr mehr Information siehe<a href=\"https:\/\/kundalini-yoga-seelenreise.info\/?page_id=1726\">&nbsp;\u201cAnpassungen &amp; Erg\u00e4nzungen 24\u201d<\/a> <\/p>\n","protected":false},"excerpt":{"rendered":"<p>Wirbel 24 (C 3) ist verbunden mit deinen Z\u00e4hnen, deinen Wangen, deinen Ohren, deinen Gesichtsnerven und deiner Hirnanhangsdr\u00fcse. Es geht bei diesem Abschnitt der Seelenreise darum zu lernen, dein Karma aufzul\u00f6sen. Dabei unterst\u00fctzt dich die 40-Tage-Kriya \u201eKarma-Reinigung\u201c (siehe Video). Im Laufe der 40 Tage kannst du, wenn du m\u00f6chtest, die Kriya aufbauen zu die urspr\u00fcnglich &hellip; <a href=\"https:\/\/kundalini-yoga-seelenreise.info\/?page_id=164\" class=\"more-link\"><span class=\"screen-reader-text\">\u2600\ufe0f 24.<\/span> weiterlesen <span class=\"meta-nav\">&rarr;<\/span><\/a><\/p>\n","protected":false},"author":1,"featured_media":0,"parent":0,"menu_order":270,"comment_status":"open","ping_status":"closed","template":"","meta":{"footnotes":"","_links_to":"","_links_to_target":""},"class_list":["post-164","page","type-page","status-publish","hentry"],"yoast_head":"<!-- This site is optimized with the Yoast SEO plugin v19.10 - https:\/\/yoast.com\/wordpress\/plugins\/seo\/ -->\n<title>\u2600\ufe0f 24. - SEELENREISE-INSTITUT<\/title>\n<meta name=\"robots\" content=\"index, follow, max-snippet:-1, max-image-preview:large, max-video-preview:-1\" \/>\n<link rel=\"canonical\" href=\"https:\/\/kundalini-yoga-seelenreise.info\/?page_id=164\" \/>\n<meta property=\"og:locale\" content=\"de_DE\" \/>\n<meta property=\"og:type\" content=\"article\" \/>\n<meta property=\"og:title\" content=\"\u2600\ufe0f 24. - SEELENREISE-INSTITUT\" \/>\n<meta property=\"og:description\" content=\"Wirbel 24 (C 3) ist verbunden mit deinen Z\u00e4hnen, deinen Wangen, deinen Ohren, deinen Gesichtsnerven und deiner Hirnanhangsdr\u00fcse. Es geht bei diesem Abschnitt der Seelenreise darum zu lernen, dein Karma aufzul\u00f6sen. Dabei unterst\u00fctzt dich die 40-Tage-Kriya \u201eKarma-Reinigung\u201c (siehe Video). Im Laufe der 40 Tage kannst du, wenn du m\u00f6chtest, die Kriya aufbauen zu die urspr\u00fcnglich &hellip; \u2600\ufe0f 24. weiterlesen &rarr;\" \/>\n<meta property=\"og:url\" content=\"https:\/\/kundalini-yoga-seelenreise.info\/?page_id=164\" \/>\n<meta property=\"og:site_name\" content=\"SEELENREISE-INSTITUT\" \/>\n<meta property=\"article:modified_time\" content=\"2021-01-04T13:04:34+00:00\" \/>\n<meta property=\"og:image\" content=\"https:\/\/kundalini-yoga-seelenreise.info\/wp-891e2-content\/uploads\/2019\/07\/HQ4A3159-1024x683.jpg\" \/>\n<meta name=\"twitter:card\" content=\"summary_large_image\" \/>\n<meta name=\"twitter:label1\" content=\"Gesch\u00e4tzte Lesezeit\" \/>\n\t<meta name=\"twitter:data1\" content=\"1\u00a0Minute\" \/>\n<script type=\"application\/ld+json\" class=\"yoast-schema-graph\">{\"@context\":\"https:\/\/schema.org\",\"@graph\":[{\"@type\":\"WebPage\",\"@id\":\"https:\/\/kundalini-yoga-seelenreise.info\/?page_id=164\",\"url\":\"https:\/\/kundalini-yoga-seelenreise.info\/?page_id=164\",\"name\":\"\u2600\ufe0f 24. - SEELENREISE-INSTITUT\",\"isPartOf\":{\"@id\":\"https:\/\/kundalini-yoga-seelenreise.info\/#website\"},\"datePublished\":\"2019-05-16T05:03:37+00:00\",\"dateModified\":\"2021-01-04T13:04:34+00:00\",\"breadcrumb\":{\"@id\":\"https:\/\/kundalini-yoga-seelenreise.info\/?page_id=164#breadcrumb\"},\"inLanguage\":\"de\",\"potentialAction\":[{\"@type\":\"ReadAction\",\"target\":[\"https:\/\/kundalini-yoga-seelenreise.info\/?page_id=164\"]}]},{\"@type\":\"BreadcrumbList\",\"@id\":\"https:\/\/kundalini-yoga-seelenreise.info\/?page_id=164#breadcrumb\",\"itemListElement\":[{\"@type\":\"ListItem\",\"position\":1,\"name\":\"Startseite\",\"item\":\"https:\/\/kundalini-yoga-seelenreise.info\/\"},{\"@type\":\"ListItem\",\"position\":2,\"name\":\"\u2600\ufe0f 24.\"}]},{\"@type\":\"WebSite\",\"@id\":\"https:\/\/kundalini-yoga-seelenreise.info\/#website\",\"url\":\"https:\/\/kundalini-yoga-seelenreise.info\/\",\"name\":\"SEELENREISE-INSTITUT\",\"description\":\"Jeden Tag: 1 x schwitzen, 1x lachen...\",\"potentialAction\":[{\"@type\":\"SearchAction\",\"target\":{\"@type\":\"EntryPoint\",\"urlTemplate\":\"https:\/\/kundalini-yoga-seelenreise.info\/?s={search_term_string}\"},\"query-input\":\"required name=search_term_string\"}],\"inLanguage\":\"de\"}]}<\/script>\n<!-- \/ Yoast SEO plugin. -->","yoast_head_json":{"title":"\u2600\ufe0f 24. - SEELENREISE-INSTITUT","robots":{"index":"index","follow":"follow","max-snippet":"max-snippet:-1","max-image-preview":"max-image-preview:large","max-video-preview":"max-video-preview:-1"},"canonical":"https:\/\/kundalini-yoga-seelenreise.info\/?page_id=164","og_locale":"de_DE","og_type":"article","og_title":"\u2600\ufe0f 24. - SEELENREISE-INSTITUT","og_description":"Wirbel 24 (C 3) ist verbunden mit deinen Z\u00e4hnen, deinen Wangen, deinen Ohren, deinen Gesichtsnerven und deiner Hirnanhangsdr\u00fcse. Es geht bei diesem Abschnitt der Seelenreise darum zu lernen, dein Karma aufzul\u00f6sen. Dabei unterst\u00fctzt dich die 40-Tage-Kriya \u201eKarma-Reinigung\u201c (siehe Video). Im Laufe der 40 Tage kannst du, wenn du m\u00f6chtest, die Kriya aufbauen zu die urspr\u00fcnglich &hellip; \u2600\ufe0f 24. weiterlesen &rarr;","og_url":"https:\/\/kundalini-yoga-seelenreise.info\/?page_id=164","og_site_name":"SEELENREISE-INSTITUT","article_modified_time":"2021-01-04T13:04:34+00:00","og_image":[{"url":"https:\/\/kundalini-yoga-seelenreise.info\/wp-891e2-content\/uploads\/2019\/07\/HQ4A3159-1024x683.jpg"}],"twitter_card":"summary_large_image","twitter_misc":{"Gesch\u00e4tzte Lesezeit":"1\u00a0Minute"},"schema":{"@context":"https:\/\/schema.org","@graph":[{"@type":"WebPage","@id":"https:\/\/kundalini-yoga-seelenreise.info\/?page_id=164","url":"https:\/\/kundalini-yoga-seelenreise.info\/?page_id=164","name":"\u2600\ufe0f 24. - SEELENREISE-INSTITUT","isPartOf":{"@id":"https:\/\/kundalini-yoga-seelenreise.info\/#website"},"datePublished":"2019-05-16T05:03:37+00:00","dateModified":"2021-01-04T13:04:34+00:00","breadcrumb":{"@id":"https:\/\/kundalini-yoga-seelenreise.info\/?page_id=164#breadcrumb"},"inLanguage":"de","potentialAction":[{"@type":"ReadAction","target":["https:\/\/kundalini-yoga-seelenreise.info\/?page_id=164"]}]},{"@type":"BreadcrumbList","@id":"https:\/\/kundalini-yoga-seelenreise.info\/?page_id=164#breadcrumb","itemListElement":[{"@type":"ListItem","position":1,"name":"Startseite","item":"https:\/\/kundalini-yoga-seelenreise.info\/"},{"@type":"ListItem","position":2,"name":"\u2600\ufe0f 24."}]},{"@type":"WebSite","@id":"https:\/\/kundalini-yoga-seelenreise.info\/#website","url":"https:\/\/kundalini-yoga-seelenreise.info\/","name":"SEELENREISE-INSTITUT","description":"Jeden Tag: 1 x schwitzen, 1x lachen...","potentialAction":[{"@type":"SearchAction","target":{"@type":"EntryPoint","urlTemplate":"https:\/\/kundalini-yoga-seelenreise.info\/?s={search_term_string}"},"query-input":"required name=search_term_string"}],"inLanguage":"de"}]}},"uagb_featured_image_src":{"full":false,"thumbnail":false,"medium":false,"medium_large":false,"large":false,"1536x1536":false,"2048x2048":false,"post-thumbnail":false,"twentyfourteen-full-width":false},"uagb_author_info":{"display_name":"Satya Singh","author_link":"https:\/\/kundalini-yoga-seelenreise.info\/?page_id=3405&#038;uid=1"},"uagb_comment_info":15,"uagb_excerpt":"Wirbel 24 (C 3) ist verbunden mit deinen Z\u00e4hnen, deinen Wangen, deinen Ohren, deinen Gesichtsnerven und deiner Hirnanhangsdr\u00fcse. Es geht bei diesem Abschnitt der Seelenreise darum zu lernen, dein Karma aufzul\u00f6sen. Dabei unterst\u00fctzt dich die 40-Tage-Kriya \u201eKarma-Reinigung\u201c (siehe Video). Im Laufe der 40 Tage kannst du, wenn du m\u00f6chtest, die Kriya aufbauen zu die urspr\u00fcnglich&hellip;","_links":{"self":[{"href":"https:\/\/kundalini-yoga-seelenreise.info\/index.php?rest_route=\/wp\/v2\/pages\/164","targetHints":{"allow":["GET"]}}],"collection":[{"href":"https:\/\/kundalini-yoga-seelenreise.info\/index.php?rest_route=\/wp\/v2\/pages"}],"about":[{"href":"https:\/\/kundalini-yoga-seelenreise.info\/index.php?rest_route=\/wp\/v2\/types\/page"}],"author":[{"embeddable":true,"href":"https:\/\/kundalini-yoga-seelenreise.info\/index.php?rest_route=\/wp\/v2\/users\/1"}],"replies":[{"embeddable":true,"href":"https:\/\/kundalini-yoga-seelenreise.info\/index.php?rest_route=%2Fwp%2Fv2%2Fcomments&post=164"}],"version-history":[{"count":13,"href":"https:\/\/kundalini-yoga-seelenreise.info\/index.php?rest_route=\/wp\/v2\/pages\/164\/revisions"}],"predecessor-version":[{"id":3065,"href":"https:\/\/kundalini-yoga-seelenreise.info\/index.php?rest_route=\/wp\/v2\/pages\/164\/revisions\/3065"}],"wp:attachment":[{"href":"https:\/\/kundalini-yoga-seelenreise.info\/index.php?rest_route=%2Fwp%2Fv2%2Fmedia&parent=164"}],"curies":[{"name":"wp","href":"https:\/\/api.w.org\/{rel}","templated":true}]}}