{"id":158,"date":"2019-05-16T06:02:26","date_gmt":"2019-05-16T05:02:26","guid":{"rendered":"http:\/\/kundalini-yoga-seelenreise.info\/?page_id=158"},"modified":"2021-01-04T13:57:15","modified_gmt":"2021-01-04T12:57:15","slug":"21-2","status":"publish","type":"page","link":"https:\/\/kundalini-yoga-seelenreise.info\/?page_id=158","title":{"rendered":"\u2600\ufe0f 21."},"content":{"rendered":"\n<p class=\"has-light-gray-background-color has-background\">Wirbel 21 (C 6) ist verbunden mit deinen Nackenmuskeln, deinemTrapezmuskel\nund deinen Schultern.\nEs geht bei diesem Abschnitt der Seelenreise darum, deinen Platz im Universum\nzu verstehen. Die 40-Tage-Kriya daf\u00fcr ist \u201eDer kosmische Teddyb\u00e4r\u201c (siehe\nVideo).<\/p>\n\n\n\n<figure class=\"wp-block-image\"><img loading=\"lazy\" decoding=\"async\" width=\"1024\" height=\"683\" src=\"https:\/\/kundalini-yoga-seelenreise.info\/wp-891e2-content\/uploads\/2019\/07\/HQ4A4501-1024x683.jpg\" alt=\"\" class=\"wp-image-884\" srcset=\"https:\/\/kundalini-yoga-seelenreise.info\/wp-891e2-content\/uploads\/2019\/07\/HQ4A4501-1024x683.jpg 1024w, https:\/\/kundalini-yoga-seelenreise.info\/wp-891e2-content\/uploads\/2019\/07\/HQ4A4501-300x200.jpg 300w, https:\/\/kundalini-yoga-seelenreise.info\/wp-891e2-content\/uploads\/2019\/07\/HQ4A4501-768x512.jpg 768w, https:\/\/kundalini-yoga-seelenreise.info\/wp-891e2-content\/uploads\/2019\/07\/HQ4A4501.jpg 1200w\" sizes=\"auto, (max-width: 1024px) 100vw, 1024px\" \/><figcaption>Wirbel 21: &#8220;Ich erschaffe mein Universum.&#8221;    Foto Nina Stiller  \/  Europ\u00e4isches Yoga Festival<\/figcaption><\/figure>\n\n\n\n<figure class=\"wp-block-image\"><img loading=\"lazy\" decoding=\"async\" width=\"483\" height=\"415\" src=\"https:\/\/kundalini-yoga-seelenreise.info\/wp-891e2-content\/uploads\/2019\/05\/21.jpg\" alt=\"\" class=\"wp-image-209\" srcset=\"https:\/\/kundalini-yoga-seelenreise.info\/wp-891e2-content\/uploads\/2019\/05\/21.jpg 483w, https:\/\/kundalini-yoga-seelenreise.info\/wp-891e2-content\/uploads\/2019\/05\/21-300x258.jpg 300w\" sizes=\"auto, (max-width: 483px) 100vw, 483px\" \/><\/figure>\n\n\n\n<figure class=\"wp-block-embed is-type-video is-provider-youtube wp-block-embed-youtube wp-embed-aspect-16-9 wp-has-aspect-ratio\"><div class=\"wp-block-embed__wrapper\">\n<iframe loading=\"lazy\" title=\"Seelenreise Wirbel 21\" width=\"474\" height=\"267\" src=\"https:\/\/www.youtube.com\/embed\/Wemq9aXynAw?feature=oembed\" frameborder=\"0\" allow=\"accelerometer; autoplay; clipboard-write; encrypted-media; gyroscope; picture-in-picture; web-share\" referrerpolicy=\"strict-origin-when-cross-origin\" allowfullscreen><\/iframe>\n<\/div><figcaption> <em>Kundalini Yoga \u00dcbungen zum Mitmachen (ung. 20 Minuten) basierend auf das Buch \u201cKundalini Yoga als Seelenreise\u201d von Satya Singh<\/em> <\/figcaption><\/figure>\n\n\n<div class=\"wp-block-quotes-collection-random-quote\" style=\"background-color:#24890d;color:#fff;text-align:left;\"\"><div class=\"quotescollection-quote-wrapper\" id=\"tf_quotescollection_1\"><blockquote class=\"quotescollection-quote\" style=\"background-color:#24890d;color:#fff;\"><p>WAS WUT BETRIFFT: DIE L\u00d6SUNG IST, EINFACH AUFZUH\u00d6REN. WARTE AB. REAGIERE NICHT. DARIN LIEGT DAS GEHEIMNIS DES UNIVERSUMS. EINFACH NICHT REAGIEREN.<\/p>\n<footer class=\"attribution\" style=\"text-align:right;\">&mdash;&nbsp;<cite class=\"author\">yogi bhajan<\/cite><\/footer><\/blockquote><script type=\"text\/javascript\">\nvar args_tf_quotescollection_1 = {\"instanceID\":\"tf_quotescollection_1\", \"currQuoteID\":59, \"showAuthor\":1, \"showSource\":0, \"tags\":\"21\", \"charLimit\":500, \"orderBy\":\"random\", \"ajaxRefresh\":1, \"autoRefresh\":12, \"dynamicFetch\":0, \"before\":\"&lt;blockquote class=\\&quot;quotescollection-quote\\&quot; style=\\&quot;background-color:#24890d;color:#fff;\\&quot;&gt;\", \"after\":\"&lt;\/blockquote&gt;\", \"beforeAttribution\":\"&lt;footer class=\\&quot;attribution\\&quot; style=\\&quot;text-align:right;\\&quot;&gt;&amp;mdash;&amp;nbsp;\", \"afterAttribution\":\"&lt;\/footer&gt;\", };quotescollectionTimer(args_tf_quotescollection_1);<\/script>\n<\/div><\/div>\n\n\n<p class=\"has-light-gray-background-color has-background\"> F\u00fcr mehr Information siehe<a href=\"https:\/\/kundalini-yoga-seelenreise.info\/?page_id=1706\">&nbsp;\u201cAnpassungen &amp; Erg\u00e4nzungen 21\u201d<\/a> <\/p>\n\n\n\n<h2 class=\"wp-block-heading\">Beitr\u00e4ge<\/h2>\n\n\n<ul class=\"display-posts-listing\"><li class=\"listing-item\"><a class=\"title\" href=\"https:\/\/kundalini-yoga-seelenreise.info\/?p=1058\">Sommer Kriya f\u00fcr den Wassermann<\/a> <span class=\"excerpt-dash\">-<\/span> <span class=\"excerpt\">Sat Nam liebe Seelenreisende. Ich habe vor 3 Tagen jetzt erst einmal mit der Sommer Kriya f\u00fcr den Wassermann begonnen. Ich erlebe die Kriya als sehr wohltuend und n\u00e4hrend, was ja kein Wunder bei dem sch\u00f6nen Namen \u201eKosmischer Teddyb\u00e4r\u201c ist. Ich bleibe dran und berichte Euch in ein paar Tagen, oder schon vorher wenn etwas &hellip; <a href=\"https:\/\/kundalini-yoga-seelenreise.info\/?p=1058\" class=\"more-link\"><span class=\"screen-reader-text\">Sommer Kriya f\u00fcr den Wassermann<\/span> weiterlesen <span class=\"meta-nav\">&rarr;<\/span><\/a><\/span><\/li><\/ul>\n","protected":false},"excerpt":{"rendered":"<p>Wirbel 21 (C 6) ist verbunden mit deinen Nackenmuskeln, deinemTrapezmuskel und deinen Schultern. Es geht bei diesem Abschnitt der Seelenreise darum, deinen Platz im Universum zu verstehen. Die 40-Tage-Kriya daf\u00fcr ist \u201eDer kosmische Teddyb\u00e4r\u201c (siehe Video). F\u00fcr mehr Information siehe&nbsp;\u201cAnpassungen &amp; Erg\u00e4nzungen 21\u201d Beitr\u00e4ge<\/p>\n","protected":false},"author":1,"featured_media":0,"parent":0,"menu_order":230,"comment_status":"open","ping_status":"closed","template":"","meta":{"footnotes":"","_links_to":"","_links_to_target":""},"class_list":["post-158","page","type-page","status-publish","hentry"],"yoast_head":"<!-- This site is optimized with the Yoast SEO plugin v19.10 - https:\/\/yoast.com\/wordpress\/plugins\/seo\/ -->\n<title>\u2600\ufe0f 21. - SEELENREISE-INSTITUT<\/title>\n<meta name=\"robots\" content=\"index, follow, max-snippet:-1, max-image-preview:large, max-video-preview:-1\" \/>\n<link rel=\"canonical\" href=\"https:\/\/kundalini-yoga-seelenreise.info\/?page_id=158\" \/>\n<meta property=\"og:locale\" content=\"de_DE\" \/>\n<meta property=\"og:type\" content=\"article\" \/>\n<meta property=\"og:title\" content=\"\u2600\ufe0f 21. - SEELENREISE-INSTITUT\" \/>\n<meta property=\"og:description\" content=\"Wirbel 21 (C 6) ist verbunden mit deinen Nackenmuskeln, deinemTrapezmuskel und deinen Schultern. Es geht bei diesem Abschnitt der Seelenreise darum, deinen Platz im Universum zu verstehen. Die 40-Tage-Kriya daf\u00fcr ist \u201eDer kosmische Teddyb\u00e4r\u201c (siehe Video). F\u00fcr mehr Information siehe&nbsp;\u201cAnpassungen &amp; Erg\u00e4nzungen 21\u201d Beitr\u00e4ge\" \/>\n<meta property=\"og:url\" content=\"https:\/\/kundalini-yoga-seelenreise.info\/?page_id=158\" \/>\n<meta property=\"og:site_name\" content=\"SEELENREISE-INSTITUT\" \/>\n<meta property=\"article:modified_time\" content=\"2021-01-04T12:57:15+00:00\" \/>\n<meta property=\"og:image\" content=\"https:\/\/kundalini-yoga-seelenreise.info\/wp-891e2-content\/uploads\/2019\/07\/HQ4A4501-1024x683.jpg\" \/>\n<meta name=\"twitter:card\" content=\"summary_large_image\" \/>\n<script type=\"application\/ld+json\" class=\"yoast-schema-graph\">{\"@context\":\"https:\/\/schema.org\",\"@graph\":[{\"@type\":\"WebPage\",\"@id\":\"https:\/\/kundalini-yoga-seelenreise.info\/?page_id=158\",\"url\":\"https:\/\/kundalini-yoga-seelenreise.info\/?page_id=158\",\"name\":\"\u2600\ufe0f 21. - SEELENREISE-INSTITUT\",\"isPartOf\":{\"@id\":\"https:\/\/kundalini-yoga-seelenreise.info\/#website\"},\"datePublished\":\"2019-05-16T05:02:26+00:00\",\"dateModified\":\"2021-01-04T12:57:15+00:00\",\"breadcrumb\":{\"@id\":\"https:\/\/kundalini-yoga-seelenreise.info\/?page_id=158#breadcrumb\"},\"inLanguage\":\"de\",\"potentialAction\":[{\"@type\":\"ReadAction\",\"target\":[\"https:\/\/kundalini-yoga-seelenreise.info\/?page_id=158\"]}]},{\"@type\":\"BreadcrumbList\",\"@id\":\"https:\/\/kundalini-yoga-seelenreise.info\/?page_id=158#breadcrumb\",\"itemListElement\":[{\"@type\":\"ListItem\",\"position\":1,\"name\":\"Startseite\",\"item\":\"https:\/\/kundalini-yoga-seelenreise.info\/\"},{\"@type\":\"ListItem\",\"position\":2,\"name\":\"\u2600\ufe0f 21.\"}]},{\"@type\":\"WebSite\",\"@id\":\"https:\/\/kundalini-yoga-seelenreise.info\/#website\",\"url\":\"https:\/\/kundalini-yoga-seelenreise.info\/\",\"name\":\"SEELENREISE-INSTITUT\",\"description\":\"Jeden Tag: 1 x schwitzen, 1x lachen...\",\"potentialAction\":[{\"@type\":\"SearchAction\",\"target\":{\"@type\":\"EntryPoint\",\"urlTemplate\":\"https:\/\/kundalini-yoga-seelenreise.info\/?s={search_term_string}\"},\"query-input\":\"required name=search_term_string\"}],\"inLanguage\":\"de\"}]}<\/script>\n<!-- \/ Yoast SEO plugin. -->","yoast_head_json":{"title":"\u2600\ufe0f 21. - SEELENREISE-INSTITUT","robots":{"index":"index","follow":"follow","max-snippet":"max-snippet:-1","max-image-preview":"max-image-preview:large","max-video-preview":"max-video-preview:-1"},"canonical":"https:\/\/kundalini-yoga-seelenreise.info\/?page_id=158","og_locale":"de_DE","og_type":"article","og_title":"\u2600\ufe0f 21. - SEELENREISE-INSTITUT","og_description":"Wirbel 21 (C 6) ist verbunden mit deinen Nackenmuskeln, deinemTrapezmuskel und deinen Schultern. Es geht bei diesem Abschnitt der Seelenreise darum, deinen Platz im Universum zu verstehen. Die 40-Tage-Kriya daf\u00fcr ist \u201eDer kosmische Teddyb\u00e4r\u201c (siehe Video). F\u00fcr mehr Information siehe&nbsp;\u201cAnpassungen &amp; Erg\u00e4nzungen 21\u201d Beitr\u00e4ge","og_url":"https:\/\/kundalini-yoga-seelenreise.info\/?page_id=158","og_site_name":"SEELENREISE-INSTITUT","article_modified_time":"2021-01-04T12:57:15+00:00","og_image":[{"url":"https:\/\/kundalini-yoga-seelenreise.info\/wp-891e2-content\/uploads\/2019\/07\/HQ4A4501-1024x683.jpg"}],"twitter_card":"summary_large_image","schema":{"@context":"https:\/\/schema.org","@graph":[{"@type":"WebPage","@id":"https:\/\/kundalini-yoga-seelenreise.info\/?page_id=158","url":"https:\/\/kundalini-yoga-seelenreise.info\/?page_id=158","name":"\u2600\ufe0f 21. - SEELENREISE-INSTITUT","isPartOf":{"@id":"https:\/\/kundalini-yoga-seelenreise.info\/#website"},"datePublished":"2019-05-16T05:02:26+00:00","dateModified":"2021-01-04T12:57:15+00:00","breadcrumb":{"@id":"https:\/\/kundalini-yoga-seelenreise.info\/?page_id=158#breadcrumb"},"inLanguage":"de","potentialAction":[{"@type":"ReadAction","target":["https:\/\/kundalini-yoga-seelenreise.info\/?page_id=158"]}]},{"@type":"BreadcrumbList","@id":"https:\/\/kundalini-yoga-seelenreise.info\/?page_id=158#breadcrumb","itemListElement":[{"@type":"ListItem","position":1,"name":"Startseite","item":"https:\/\/kundalini-yoga-seelenreise.info\/"},{"@type":"ListItem","position":2,"name":"\u2600\ufe0f 21."}]},{"@type":"WebSite","@id":"https:\/\/kundalini-yoga-seelenreise.info\/#website","url":"https:\/\/kundalini-yoga-seelenreise.info\/","name":"SEELENREISE-INSTITUT","description":"Jeden Tag: 1 x schwitzen, 1x lachen...","potentialAction":[{"@type":"SearchAction","target":{"@type":"EntryPoint","urlTemplate":"https:\/\/kundalini-yoga-seelenreise.info\/?s={search_term_string}"},"query-input":"required name=search_term_string"}],"inLanguage":"de"}]}},"uagb_featured_image_src":{"full":false,"thumbnail":false,"medium":false,"medium_large":false,"large":false,"1536x1536":false,"2048x2048":false,"post-thumbnail":false,"twentyfourteen-full-width":false},"uagb_author_info":{"display_name":"Satya Singh","author_link":"https:\/\/kundalini-yoga-seelenreise.info\/?page_id=3405&#038;uid=1"},"uagb_comment_info":22,"uagb_excerpt":"Wirbel 21 (C 6) ist verbunden mit deinen Nackenmuskeln, deinemTrapezmuskel und deinen Schultern. Es geht bei diesem Abschnitt der Seelenreise darum, deinen Platz im Universum zu verstehen. Die 40-Tage-Kriya daf\u00fcr ist \u201eDer kosmische Teddyb\u00e4r\u201c (siehe Video). F\u00fcr mehr Information siehe&nbsp;\u201cAnpassungen &amp; Erg\u00e4nzungen 21\u201d Beitr\u00e4ge","_links":{"self":[{"href":"https:\/\/kundalini-yoga-seelenreise.info\/index.php?rest_route=\/wp\/v2\/pages\/158","targetHints":{"allow":["GET"]}}],"collection":[{"href":"https:\/\/kundalini-yoga-seelenreise.info\/index.php?rest_route=\/wp\/v2\/pages"}],"about":[{"href":"https:\/\/kundalini-yoga-seelenreise.info\/index.php?rest_route=\/wp\/v2\/types\/page"}],"author":[{"embeddable":true,"href":"https:\/\/kundalini-yoga-seelenreise.info\/index.php?rest_route=\/wp\/v2\/users\/1"}],"replies":[{"embeddable":true,"href":"https:\/\/kundalini-yoga-seelenreise.info\/index.php?rest_route=%2Fwp%2Fv2%2Fcomments&post=158"}],"version-history":[{"count":17,"href":"https:\/\/kundalini-yoga-seelenreise.info\/index.php?rest_route=\/wp\/v2\/pages\/158\/revisions"}],"predecessor-version":[{"id":3062,"href":"https:\/\/kundalini-yoga-seelenreise.info\/index.php?rest_route=\/wp\/v2\/pages\/158\/revisions\/3062"}],"wp:attachment":[{"href":"https:\/\/kundalini-yoga-seelenreise.info\/index.php?rest_route=%2Fwp%2Fv2%2Fmedia&parent=158"}],"curies":[{"name":"wp","href":"https:\/\/api.w.org\/{rel}","templated":true}]}}